{"id":1850,"date":"2022-12-19T14:05:43","date_gmt":"2022-12-19T13:05:43","guid":{"rendered":"https:\/\/kvantovaregresnaterapia.sk\/?page_id=1850"},"modified":"2024-05-15T12:51:15","modified_gmt":"2024-05-15T10:51:15","slug":"konzultacie-a-poradenstvo","status":"publish","type":"page","link":"https:\/\/kvantovaregresnaterapia.sk\/index.php\/konzultacie-a-poradenstvo\/","title":{"rendered":"Konzult\u00e1cie a poradenstvo"},"content":{"rendered":"<p>[et_pb_section fb_built=&#8220;1&#8243; _builder_version=&#8220;4.19.4&#8243; _module_preset=&#8220;default&#8220; background_image=&#8220;https:\/\/kvantovaregresnaterapia.sk\/wp-content\/uploads\/2022\/12\/43.jpg&#8220; custom_margin=&#8220;0px||||false|false&#8220; custom_padding=&#8220;0px||70px||false|false&#8220; top_divider_style=&#8220;arrow3&#8243; top_divider_color=&#8220;rgba(255,255,255,0.3)&#8220; top_divider_height=&#8220;100%&#8220; top_divider_repeat=&#8220;2x&#8220; top_divider_arrangement=&#8220;above_content&#8220; bottom_divider_style=&#8220;none&#8220; bottom_divider_color=&#8220;RGBA(0,0,0,0.25)&#8220; bottom_divider_height=&#8220;500px&#8220; global_colors_info=&#8220;{}&#8220;][et_pb_row _builder_version=&#8220;4.19.2&#8243; _module_preset=&#8220;default&#8220; global_colors_info=&#8220;{}&#8220;][et_pb_column type=&#8220;4_4&#8243; _builder_version=&#8220;4.18.0&#8243; _module_preset=&#8220;default&#8220; global_colors_info=&#8220;{}&#8220;][et_pb_text _builder_version=&#8220;4.19.4&#8243; _module_preset=&#8220;default&#8220; text_font=&#8220;Yeseva One||||||||&#8220; text_text_color=&#8220;#111147&#8243; text_font_size=&#8220;50px&#8220; text_letter_spacing=&#8220;2px&#8220; text_line_height=&#8220;2em&#8220; text_orientation=&#8220;center&#8220; custom_margin=&#8220;180px||100px||false|false&#8220; text_font_size_tablet=&#8220;50px&#8220; text_font_size_phone=&#8220;39px&#8220; text_font_size_last_edited=&#8220;on|desktop&#8220; global_colors_info=&#8220;{}&#8220;]<\/p>\n<p>KONZULT\u00c1CIE A PORADENSTVO<\/p>\n<p>[\/et_pb_text][\/et_pb_column][\/et_pb_row][\/et_pb_section][et_pb_section fb_built=&#8220;1&#8243; admin_label=&#8220;About Us&#8220; _builder_version=&#8220;4.19.2&#8243; _module_preset=&#8220;default&#8220; use_background_color_gradient=&#8220;on&#8220; background_color_gradient_stops=&#8220;#ffffff 0%|#ffffff 75%&#8220; background_image=&#8220;https:\/\/kvantovaregresnaterapia.sk\/wp-content\/uploads\/2022\/11\/3-2-scaled.jpg&#8220; custom_padding=&#8220;40px|0px|40px|0px|true|false&#8220; locked=&#8220;off&#8220; global_colors_info=&#8220;{}&#8220;][et_pb_row column_structure=&#8220;1_4,3_4&#8243; _builder_version=&#8220;4.19.4&#8243; _module_preset=&#8220;default&#8220; custom_margin=&#8220;30px||||false|false&#8220; custom_padding=&#8220;0px|20px||15px|false|false&#8220; global_colors_info=&#8220;{}&#8220;][et_pb_column type=&#8220;1_4&#8243; _builder_version=&#8220;4.18.0&#8243; _module_preset=&#8220;default&#8220; global_colors_info=&#8220;{}&#8220;][et_pb_image src=&#8220;https:\/\/kvantovaregresnaterapia.sk\/wp-content\/uploads\/2022\/12\/13-4.jpg&#8220; title_text=&#8220;13 (4)&#8220; _builder_version=&#8220;4.19.4&#8243; _module_preset=&#8220;default&#8220; custom_margin=&#8220;10px||||false|false&#8220; global_colors_info=&#8220;{}&#8220;][\/et_pb_image][\/et_pb_column][et_pb_column type=&#8220;3_4&#8243; _builder_version=&#8220;4.18.0&#8243; _module_preset=&#8220;default&#8220; global_colors_info=&#8220;{}&#8220;][et_pb_text _builder_version=&#8220;4.19.4&#8243; _module_preset=&#8220;default&#8220; text_font=&#8220;Karla||||||||&#8220; text_font_size=&#8220;16px&#8220; text_orientation=&#8220;justified&#8220; custom_margin=&#8220;||||false|false&#8220; custom_padding=&#8220;0px|10px||14px|false|false&#8220; global_colors_info=&#8220;{}&#8220;]<\/p>\n<header class=\"entry-header\" aria-label=\"Content\">St\u00e1va sa, \u017ee pr\u00edde obdobie, v\u00a0ktorom sa c\u00edtime straten\u00ed, zm\u00e4ten\u00ed a\u00a0potrebujeme sa s\u00a0niek\u00fdm poradi\u0165. Niekedy posta\u010d\u00ed vyrozpr\u00e1vanie sa, len nem\u00e1me vo svojom okol\u00ed t\u00fa spr\u00e1vnu b\u00fat\u013eav\u00fa v\u0155bu.<\/p>\n<p>K tomuto \u00fa\u010delu ma m\u00f4\u017eete kontaktova\u0165 prostredn\u00edctvom formul\u00e1ra \u2013 sta\u010d\u00ed stla\u010di\u0165 tla\u010didlo \u201eDohodnite si term\u00edn\u201c. Vo formul\u00e1ri uvediete kontakt na seba a kr\u00e1tky popis situ\u00e1cie v ktorej sa nach\u00e1dzate. Zavol\u00e1m v\u00e1m a dohodneme si term\u00edn. Neo\u010dak\u00e1vajte, najm\u00e4 ak nie ste e\u0161te mojim klientom, \u017ee v prvom telefon\u00e1te budem ma\u0165 \u010das vypo\u010du\u0165 si cel\u00fd v\u00e1\u0161 pr\u00edbeh. Prv\u00fd telefon\u00e1t sl\u00fa\u017ei predov\u0161etk\u00fdm k zisteniu \u010do potrebujete, odporu\u010deniu slu\u017eby a k dohodnutiu term\u00ednu.<\/p>\n<p>Inokedy potrebujeme viac. Potrebujeme uvidie\u0165 vlastn\u00fa situ\u00e1ciu z in\u00e9ho poh\u013eadu, potrebujeme vyliez\u0165 z \u201ejamy\u201c v ktorej sa nach\u00e1dzame. K tomu existuje ve\u013ea n\u00e1strojov a niektor\u00e9 z nich, ako slu\u017ebu, pon\u00fakam.<\/p>\n<p>Popis slu\u017eieb n\u00e1jdete tu na webe a\u00a0ak sa po pre\u010d\u00edtan\u00ed si \u010do ich prostredn\u00edctvom m\u00f4\u017eete z\u00edska\u0165 neviete rozhodn\u00fa\u0165,<span> ktor\u00e1 zo slu\u017eieb je t\u00e1 prav\u00e1,<\/span> sta\u010d\u00ed si dohodn\u00fa\u0165 kr\u00e1tku konzult\u00e1ciu. Po\u010das nej v\u00e1m odporu\u010d\u00edm niektor\u00fa zo slu\u017eieb a\u00a0dohodneme term\u00edn.<\/p>\n<\/header>\n<p>[\/et_pb_text][\/et_pb_column][\/et_pb_row][et_pb_row column_structure=&#8220;1_4,1_2,1_4&#8243; _builder_version=&#8220;4.19.4&#8243; _module_preset=&#8220;default&#8220; custom_margin=&#8220;0px||31px||false|false&#8220; custom_padding=&#8220;15px|0px|15px||true|false&#8220; global_colors_info=&#8220;{}&#8220;][et_pb_column type=&#8220;1_4&#8243; _builder_version=&#8220;4.19.4&#8243; _module_preset=&#8220;default&#8220; custom_padding=&#8220;|||&#8220; global_colors_info=&#8220;{}&#8220; custom_padding__hover=&#8220;|||&#8220;][\/et_pb_column][et_pb_column type=&#8220;1_2&#8243; _builder_version=&#8220;4.19.4&#8243; _module_preset=&#8220;default&#8220; custom_padding=&#8220;|||&#8220; global_colors_info=&#8220;{}&#8220; custom_padding__hover=&#8220;|||&#8220;][et_pb_button button_url=&#8220;https:\/\/kvantovaregresnaterapia.sk\/index.php\/co-ponukam\/#dohodnutie_terminu&#8220; button_text=&#8220;Dohodnite si term\u00edn&#8220; button_alignment=&#8220;right&#8220; _builder_version=&#8220;4.25.1&#8243; custom_button=&#8220;on&#8220; button_text_size=&#8220;13px&#8220; button_text_color=&#8220;#111147&#8243; button_border_width=&#8220;2px&#8220; button_border_color=&#8220;#111147&#8243; button_border_radius=&#8220;3px&#8220; button_letter_spacing=&#8220;3px&#8220; button_font=&#8220;Karla|800||on|||||&#8220; custom_margin=&#8220;|0px|||false|false&#8220; custom_padding=&#8220;7px|50px|7px|50px|true|true&#8220; hover_enabled=&#8220;0&#8243; button_text_color_hover=&#8220;#ffffff&#8220; button_bg_color_hover=&#8220;#c4beb9&#8243; locked=&#8220;off&#8220; global_colors_info=&#8220;{}&#8220; button_text_size__hover_enabled=&#8220;off&#8220; button_one_text_size__hover_enabled=&#8220;off&#8220; button_two_text_size__hover_enabled=&#8220;off&#8220; button_text_color__hover_enabled=&#8220;on&#8220; button_text_color__hover=&#8220;#ffffff&#8220; button_one_text_color__hover_enabled=&#8220;off&#8220; button_two_text_color__hover_enabled=&#8220;off&#8220; button_border_width__hover_enabled=&#8220;off&#8220; button_one_border_width__hover_enabled=&#8220;off&#8220; button_two_border_width__hover_enabled=&#8220;off&#8220; button_border_color__hover_enabled=&#8220;off&#8220; button_one_border_color__hover_enabled=&#8220;off&#8220; button_two_border_color__hover_enabled=&#8220;off&#8220; button_border_radius__hover_enabled=&#8220;off&#8220; button_one_border_radius__hover_enabled=&#8220;off&#8220; button_two_border_radius__hover_enabled=&#8220;off&#8220; button_letter_spacing__hover_enabled=&#8220;off&#8220; button_one_letter_spacing__hover_enabled=&#8220;off&#8220; button_two_letter_spacing__hover_enabled=&#8220;off&#8220; button_bg_color__hover_enabled=&#8220;on&#8220; button_bg_color__hover=&#8220;#c4beb9&#8243; button_one_bg_color__hover_enabled=&#8220;off&#8220; button_two_bg_color__hover_enabled=&#8220;off&#8220; sticky_enabled=&#8220;0&#8243;]&nbsp;<br \/>\n[\/et_pb_button][\/et_pb_column][et_pb_column type=&#8220;1_4&#8243; _builder_version=&#8220;4.19.4&#8243; _module_preset=&#8220;default&#8220; custom_padding=&#8220;|||&#8220; global_colors_info=&#8220;{}&#8220; custom_padding__hover=&#8220;|||&#8220;][et_pb_text _builder_version=&#8220;4.19.4&#8243; _module_preset=&#8220;default&#8220; text_font=&#8220;Karla|800||on|||||&#8220; text_text_color=&#8220;#111147&#8243; text_font_size=&#8220;13px&#8220; text_letter_spacing=&#8220;1px&#8220; text_orientation=&#8220;center&#8220; custom_padding=&#8220;7px|30px|7px|30px|true|true&#8220; border_radii=&#8220;on|3px|3px|3px|3px&#8220; border_width_all=&#8220;2px&#8220; border_color_all=&#8220;#111147&#8243; box_shadow_style=&#8220;preset2&#8243; global_colors_info=&#8220;{}&#8220;]<\/p>\n<p>Cena 30 \u20ac \/ 30 min.<\/p>\n<p>[\/et_pb_text][\/et_pb_column][\/et_pb_row][\/et_pb_section]<\/p>\n<span class=\"et_bloom_bottom_trigger\"><\/span>","protected":false},"excerpt":{"rendered":"<p>KONZULT\u00c1CIE A PORADENSTVOSt\u00e1va sa, \u017ee pr\u00edde obdobie, v\u00a0ktorom sa c\u00edtime straten\u00ed, zm\u00e4ten\u00ed a\u00a0potrebujeme sa s\u00a0niek\u00fdm poradi\u0165. Niekedy posta\u010d\u00ed vyrozpr\u00e1vanie sa, len nem\u00e1me vo svojom okol\u00ed t\u00fa spr\u00e1vnu b\u00fat\u013eav\u00fa v\u0155bu. K tomuto \u00fa\u010delu ma m\u00f4\u017eete kontaktova\u0165 prostredn\u00edctvom formul\u00e1ra \u2013 sta\u010d\u00ed stla\u010di\u0165 tla\u010didlo \u201eDohodnite si term\u00edn\u201c. Vo formul\u00e1ri uvediete kontakt na seba a kr\u00e1tky popis situ\u00e1cie v [&hellip;]<\/p>\n","protected":false},"author":2,"featured_media":0,"parent":0,"menu_order":0,"comment_status":"closed","ping_status":"closed","template":"","meta":{"_et_pb_use_builder":"on","_et_pb_old_content":"","_et_gb_content_width":"","_monsterinsights_skip_tracking":false,"_monsterinsights_sitenote_active":false,"_monsterinsights_sitenote_note":"","_monsterinsights_sitenote_category":0,"footnotes":""},"yoast_head":"<!-- This site is optimized with the Yoast SEO plugin v24.5 - https:\/\/yoast.com\/wordpress\/plugins\/seo\/ -->\n<title>Konzult\u00e1cie a poradenstvo - Kvantov\u00e1 regresn\u00e1 terapia<\/title>\n<meta name=\"robots\" content=\"index, follow, max-snippet:-1, max-image-preview:large, max-video-preview:-1\" \/>\n<link rel=\"canonical\" href=\"https:\/\/kvantovaregresnaterapia.sk\/index.php\/konzultacie-a-poradenstvo\/\" \/>\n<meta property=\"og:locale\" content=\"sk_SK\" \/>\n<meta property=\"og:type\" content=\"article\" \/>\n<meta property=\"og:title\" content=\"Konzult\u00e1cie a poradenstvo - Kvantov\u00e1 regresn\u00e1 terapia\" \/>\n<meta property=\"og:description\" content=\"KONZULT\u00c1CIE A PORADENSTVOSt\u00e1va sa, \u017ee pr\u00edde obdobie, v\u00a0ktorom sa c\u00edtime straten\u00ed, zm\u00e4ten\u00ed a\u00a0potrebujeme sa s\u00a0niek\u00fdm poradi\u0165. Niekedy posta\u010d\u00ed vyrozpr\u00e1vanie sa, len nem\u00e1me vo svojom okol\u00ed t\u00fa spr\u00e1vnu b\u00fat\u013eav\u00fa v\u0155bu. K tomuto \u00fa\u010delu ma m\u00f4\u017eete kontaktova\u0165 prostredn\u00edctvom formul\u00e1ra \u2013 sta\u010d\u00ed stla\u010di\u0165 tla\u010didlo \u201eDohodnite si term\u00edn\u201c. Vo formul\u00e1ri uvediete kontakt na seba a kr\u00e1tky popis situ\u00e1cie v [&hellip;]\" \/>\n<meta property=\"og:url\" content=\"https:\/\/kvantovaregresnaterapia.sk\/index.php\/konzultacie-a-poradenstvo\/\" \/>\n<meta property=\"og:site_name\" content=\"Kvantov\u00e1 regresn\u00e1 terapia\" \/>\n<meta property=\"article:publisher\" content=\"https:\/\/www.facebook.com\/kvantovaregresnaterapia\" \/>\n<meta property=\"article:modified_time\" content=\"2024-05-15T10:51:15+00:00\" \/>\n<meta property=\"og:image\" content=\"https:\/\/kvantovaregresnaterapia.sk\/wp-content\/uploads\/2022\/12\/format_pozadie_FB.jpg\" \/>\n\t<meta property=\"og:image:width\" content=\"1640\" \/>\n\t<meta property=\"og:image:height\" content=\"924\" \/>\n\t<meta property=\"og:image:type\" content=\"image\/jpeg\" \/>\n<meta name=\"twitter:card\" content=\"summary_large_image\" \/>\n<script type=\"application\/ld+json\" class=\"yoast-schema-graph\">{\"@context\":\"https:\/\/schema.org\",\"@graph\":[{\"@type\":\"WebPage\",\"@id\":\"https:\/\/kvantovaregresnaterapia.sk\/index.php\/konzultacie-a-poradenstvo\/\",\"url\":\"https:\/\/kvantovaregresnaterapia.sk\/index.php\/konzultacie-a-poradenstvo\/\",\"name\":\"Konzult\u00e1cie a poradenstvo - Kvantov\u00e1 regresn\u00e1 terapia\",\"isPartOf\":{\"@id\":\"https:\/\/kvantovaregresnaterapia.sk\/#website\"},\"datePublished\":\"2022-12-19T13:05:43+00:00\",\"dateModified\":\"2024-05-15T10:51:15+00:00\",\"breadcrumb\":{\"@id\":\"https:\/\/kvantovaregresnaterapia.sk\/index.php\/konzultacie-a-poradenstvo\/#breadcrumb\"},\"inLanguage\":\"sk-SK\",\"potentialAction\":[{\"@type\":\"ReadAction\",\"target\":[\"https:\/\/kvantovaregresnaterapia.sk\/index.php\/konzultacie-a-poradenstvo\/\"]}]},{\"@type\":\"BreadcrumbList\",\"@id\":\"https:\/\/kvantovaregresnaterapia.sk\/index.php\/konzultacie-a-poradenstvo\/#breadcrumb\",\"itemListElement\":[{\"@type\":\"ListItem\",\"position\":1,\"name\":\"Home\",\"item\":\"https:\/\/kvantovaregresnaterapia.sk\/\"},{\"@type\":\"ListItem\",\"position\":2,\"name\":\"Konzult\u00e1cie a poradenstvo\"}]},{\"@type\":\"WebSite\",\"@id\":\"https:\/\/kvantovaregresnaterapia.sk\/#website\",\"url\":\"https:\/\/kvantovaregresnaterapia.sk\/\",\"name\":\"Kvantov\u00e1 regresn\u00e1 terapia\",\"description\":\"Prin\u00e1\u0161am svetlo a l\u00e1sku\",\"publisher\":{\"@id\":\"https:\/\/kvantovaregresnaterapia.sk\/#organization\"},\"potentialAction\":[{\"@type\":\"SearchAction\",\"target\":{\"@type\":\"EntryPoint\",\"urlTemplate\":\"https:\/\/kvantovaregresnaterapia.sk\/?s={search_term_string}\"},\"query-input\":{\"@type\":\"PropertyValueSpecification\",\"valueRequired\":true,\"valueName\":\"search_term_string\"}}],\"inLanguage\":\"sk-SK\"},{\"@type\":\"Organization\",\"@id\":\"https:\/\/kvantovaregresnaterapia.sk\/#organization\",\"name\":\"Blanka Radim\u00e1kov\u00e1\",\"alternateName\":\"regresn\u00fd terapeut a hypnoterapeut\",\"url\":\"https:\/\/kvantovaregresnaterapia.sk\/\",\"logo\":{\"@type\":\"ImageObject\",\"inLanguage\":\"sk-SK\",\"@id\":\"https:\/\/kvantovaregresnaterapia.sk\/#\/schema\/logo\/image\/\",\"url\":\"\",\"contentUrl\":\"\",\"caption\":\"Blanka Radim\u00e1kov\u00e1\"},\"image\":{\"@id\":\"https:\/\/kvantovaregresnaterapia.sk\/#\/schema\/logo\/image\/\"},\"sameAs\":[\"https:\/\/www.facebook.com\/kvantovaregresnaterapia\",\"https:\/\/www.instagram.com\/kvantovaterapia\/\"]}]}<\/script>\n<!-- \/ Yoast SEO plugin. -->","yoast_head_json":{"title":"Konzult\u00e1cie a poradenstvo - Kvantov\u00e1 regresn\u00e1 terapia","robots":{"index":"index","follow":"follow","max-snippet":"max-snippet:-1","max-image-preview":"max-image-preview:large","max-video-preview":"max-video-preview:-1"},"canonical":"https:\/\/kvantovaregresnaterapia.sk\/index.php\/konzultacie-a-poradenstvo\/","og_locale":"sk_SK","og_type":"article","og_title":"Konzult\u00e1cie a poradenstvo - Kvantov\u00e1 regresn\u00e1 terapia","og_description":"KONZULT\u00c1CIE A PORADENSTVOSt\u00e1va sa, \u017ee pr\u00edde obdobie, v\u00a0ktorom sa c\u00edtime straten\u00ed, zm\u00e4ten\u00ed a\u00a0potrebujeme sa s\u00a0niek\u00fdm poradi\u0165. Niekedy posta\u010d\u00ed vyrozpr\u00e1vanie sa, len nem\u00e1me vo svojom okol\u00ed t\u00fa spr\u00e1vnu b\u00fat\u013eav\u00fa v\u0155bu. K tomuto \u00fa\u010delu ma m\u00f4\u017eete kontaktova\u0165 prostredn\u00edctvom formul\u00e1ra \u2013 sta\u010d\u00ed stla\u010di\u0165 tla\u010didlo \u201eDohodnite si term\u00edn\u201c. Vo formul\u00e1ri uvediete kontakt na seba a kr\u00e1tky popis situ\u00e1cie v [&hellip;]","og_url":"https:\/\/kvantovaregresnaterapia.sk\/index.php\/konzultacie-a-poradenstvo\/","og_site_name":"Kvantov\u00e1 regresn\u00e1 terapia","article_publisher":"https:\/\/www.facebook.com\/kvantovaregresnaterapia","article_modified_time":"2024-05-15T10:51:15+00:00","og_image":[{"width":1640,"height":924,"url":"https:\/\/kvantovaregresnaterapia.sk\/wp-content\/uploads\/2022\/12\/format_pozadie_FB.jpg","type":"image\/jpeg"}],"twitter_card":"summary_large_image","schema":{"@context":"https:\/\/schema.org","@graph":[{"@type":"WebPage","@id":"https:\/\/kvantovaregresnaterapia.sk\/index.php\/konzultacie-a-poradenstvo\/","url":"https:\/\/kvantovaregresnaterapia.sk\/index.php\/konzultacie-a-poradenstvo\/","name":"Konzult\u00e1cie a poradenstvo - Kvantov\u00e1 regresn\u00e1 terapia","isPartOf":{"@id":"https:\/\/kvantovaregresnaterapia.sk\/#website"},"datePublished":"2022-12-19T13:05:43+00:00","dateModified":"2024-05-15T10:51:15+00:00","breadcrumb":{"@id":"https:\/\/kvantovaregresnaterapia.sk\/index.php\/konzultacie-a-poradenstvo\/#breadcrumb"},"inLanguage":"sk-SK","potentialAction":[{"@type":"ReadAction","target":["https:\/\/kvantovaregresnaterapia.sk\/index.php\/konzultacie-a-poradenstvo\/"]}]},{"@type":"BreadcrumbList","@id":"https:\/\/kvantovaregresnaterapia.sk\/index.php\/konzultacie-a-poradenstvo\/#breadcrumb","itemListElement":[{"@type":"ListItem","position":1,"name":"Home","item":"https:\/\/kvantovaregresnaterapia.sk\/"},{"@type":"ListItem","position":2,"name":"Konzult\u00e1cie a poradenstvo"}]},{"@type":"WebSite","@id":"https:\/\/kvantovaregresnaterapia.sk\/#website","url":"https:\/\/kvantovaregresnaterapia.sk\/","name":"Kvantov\u00e1 regresn\u00e1 terapia","description":"Prin\u00e1\u0161am svetlo a l\u00e1sku","publisher":{"@id":"https:\/\/kvantovaregresnaterapia.sk\/#organization"},"potentialAction":[{"@type":"SearchAction","target":{"@type":"EntryPoint","urlTemplate":"https:\/\/kvantovaregresnaterapia.sk\/?s={search_term_string}"},"query-input":{"@type":"PropertyValueSpecification","valueRequired":true,"valueName":"search_term_string"}}],"inLanguage":"sk-SK"},{"@type":"Organization","@id":"https:\/\/kvantovaregresnaterapia.sk\/#organization","name":"Blanka Radim\u00e1kov\u00e1","alternateName":"regresn\u00fd terapeut a hypnoterapeut","url":"https:\/\/kvantovaregresnaterapia.sk\/","logo":{"@type":"ImageObject","inLanguage":"sk-SK","@id":"https:\/\/kvantovaregresnaterapia.sk\/#\/schema\/logo\/image\/","url":"","contentUrl":"","caption":"Blanka Radim\u00e1kov\u00e1"},"image":{"@id":"https:\/\/kvantovaregresnaterapia.sk\/#\/schema\/logo\/image\/"},"sameAs":["https:\/\/www.facebook.com\/kvantovaregresnaterapia","https:\/\/www.instagram.com\/kvantovaterapia\/"]}]}},"_links":{"self":[{"href":"https:\/\/kvantovaregresnaterapia.sk\/index.php\/wp-json\/wp\/v2\/pages\/1850"}],"collection":[{"href":"https:\/\/kvantovaregresnaterapia.sk\/index.php\/wp-json\/wp\/v2\/pages"}],"about":[{"href":"https:\/\/kvantovaregresnaterapia.sk\/index.php\/wp-json\/wp\/v2\/types\/page"}],"author":[{"embeddable":true,"href":"https:\/\/kvantovaregresnaterapia.sk\/index.php\/wp-json\/wp\/v2\/users\/2"}],"replies":[{"embeddable":true,"href":"https:\/\/kvantovaregresnaterapia.sk\/index.php\/wp-json\/wp\/v2\/comments?post=1850"}],"version-history":[{"count":5,"href":"https:\/\/kvantovaregresnaterapia.sk\/index.php\/wp-json\/wp\/v2\/pages\/1850\/revisions"}],"predecessor-version":[{"id":3029,"href":"https:\/\/kvantovaregresnaterapia.sk\/index.php\/wp-json\/wp\/v2\/pages\/1850\/revisions\/3029"}],"wp:attachment":[{"href":"https:\/\/kvantovaregresnaterapia.sk\/index.php\/wp-json\/wp\/v2\/media?parent=1850"}],"curies":[{"name":"wp","href":"https:\/\/api.w.org\/{rel}","templated":true}]}}